4?
2
What is the highest common divisor of 618513 and 21?
21
Calculate the highest common divisor of 2665 and 498875.
65
What is the highest common divisor of 165328 and 136?
8
What is the highest common divisor of 25 and 3294075?
25
Calculate the highest common factor of 51633 and 27.
9
Calculate the greatest common factor of 40 and 12065.
5
Calculate the greatest common divisor of 55896 and 10200.
408
What is the highest common divisor of 76656 and 432?
48
Calculate the highest common divisor of 4225 and 6565.
65
Calculate the greatest common factor of 68288 and 24541.
1067
Calculate the highest common factor of 8820 and 5580.
180
Calculate the greatest common divisor of 6139 and 7.
7
What is the greatest common factor of 76386 and 348?
174
What is the greatest common divisor of 32412 and 6?
6
Calculate the greatest common divisor of 214 and 7811.
107
Calculate the greatest common divisor of 57 and 6486.
3
Calculate the greatest common factor of 630704 and 16.
16
What is the highest common divisor of 42 and 1057518?
42
What is the highest common divisor of 9316 and 1233?
137
Calculate the highest common factor of 1556 and 501421.
389
What is the highest common factor of 179 and 356747?
179
Calculate the greatest common divisor of 258930 and 18522.
378
What is the highest common divisor of 14 and 151977?
7
Calculate the highest common divisor of 36 and 1077348.
12
What is the highest common factor of 222070 and 1257?
419
What is the highest common factor of 153702 and 18?
18
What is the greatest common divisor of 4 and 3336548?
4
Calculate the highest common divisor of 504804 and 713.
713
What is the greatest common factor of 1745899 and 977?
977
What is the greatest common divisor of 438 and 55480?
146
Calculate the highest common divisor of 1276 and 13948.
44
What is the highest common divisor of 2574 and 11781?
99
Calculate the greatest common divisor of 46516 and 696.
116
Calculate the greatest common factor of 9800 and 1970.
10
Calculate the greatest common factor of 104 and 146380.
52
What is the highest common divisor of 223515 and 4770?
45
Calculate the highest common divisor of 458 and 7.
1
What is the highest common factor of 119 and 58871?
17
Calculate the highest common factor of 24624 and 24168.
456
Calculate the highest common factor of 33 and 194073.
33
What is the greatest common divisor of 4972 and 22148?
452
What is the greatest common factor of 177123 and 8211?
1173
What is the greatest common divisor of 6816 and 3621?
213
What is the greatest common divisor of 585362 and 7574?
1082
Calculate the highest common factor of 64040 and 100.
20
Calculate the greatest common divisor of 80660 and 740.
740
Calculate the greatest common divisor of 312442 and 197.
197
What is the greatest common divisor of 13200 and 1232?
176
Calculate the highest common factor of 282632 and 9947.
343
Calculate the highest common factor of 3210 and 2680.
10
What is the greatest common divisor of 524430 and 18?
18
What is the greatest common divisor of 10059 and 29883?
21
What is the greatest common factor of 1370946 and 2958?
174
What is the highest common factor of 376 and 5672?
8
What is the greatest common divisor of 1312 and 2362?
2
What is the greatest common factor of 1110 and 17538?
222
Calculate the greatest common factor of 10 and 346490.
10
What is the greatest common divisor of 4716 and 6606?
18
Calculate the highest common divisor of 297957 and 429.
33
What is the highest common divisor of 2050 and 1003270?
410
What is the highest common factor of 13718 and 1387?
19
Calculate the highest common divisor of 19939 and 14601.
157
What is the highest common factor of 1544 and 89938?
386
Calculate the greatest common factor of 54976 and 2.
2
Calculate the highest common factor of 1341 and 144.
9
What is the greatest common factor of 3045 and 8421?
21
Calculate the highest common factor of 2885 and 113669.
577
What is the greatest common factor of 15875 and 2921?
127
Calculate the greatest common divisor of 254 and 187706.
254
What is the highest common divisor of 348289 and 2185?
437
Calculate the greatest common factor of 1169 and 12024.
167
What is the highest common factor of 2232 and 145359?
279
What is the highest common divisor of 41172 and 15604?
188
What is the highest common divisor of 162 and 5582034?
162
Calculate the highest common factor of 7 and 22453.
1
What is the highest common divisor of 112049 and 56?
7
Calculate the greatest common divisor of 32730 and 840.
30
Calculate the greatest common divisor of 1885 and 55970.
145
What is the highest common divisor of 1872 and 499680?
144
What is the highest common factor of 3465 and 776545?
385
What is the greatest common factor of 874 and 17081?
19
Calculate the greatest common divisor of 1344 and 98196.
84
Calculate the highest common divisor of 70 and 7693350.
70
What is the highest common divisor of 374 and 451146?
34
Calculate the highest common factor of 266 and 3846626.
266
Calculate the highest common divisor of 6302 and 240298.
274
Calculate the greatest common divisor of 88 and 22.
22
Calculate the greatest common factor of 2370 and 810.
30
Calculate the greatest common divisor of 10875 and 360615.
435
Calculate the greatest common divisor of 15389 and 198.
11
Calculate the highest common divisor of 200 and 11000.
200
What is the greatest common divisor of 2 and 2344466?
2
Calculate the greatest common divisor of 32370 and 78390.
390
Calculate the greatest common divisor of 21777 and 915.
183
Calculate the greatest common factor of 17061 and 1128.
141
What is the highest common factor of 2431568 and 80?
16
What is the highest common factor of 9104 and 48?
16
Calculate the greatest common divisor of 3447 and 1206.
9
What is the greatest common factor of 71596 and 1148?
28
Calculate the greatest common divisor of 5559 and 2907.
51
Calculate the greatest common factor of 4 and 27424.
4
Calculate the highest common divisor of 5 and 60445.
5
Calculate the greatest common divisor of 219443 and 184.
23
Calculate the highest common factor of 7317 and 3942.
27
What is the highest common divisor of 43952 and 32?
16
Calculate the greatest common factor of 1380 and 16130.
10
What is the highest common factor of 7180 and 86?
2
What is the highest common factor of 1352 and 34?
2
What is the highest common divisor of 17 and 224893?
17
Calculate the highest common divisor of 115173 and 2412.
603
What is the greatest common divisor of 127073 and 415?
83
What is the greatest common factor of 95459 and 273?
91
What is the highest common divisor of 1062498 and 366?
366
Calculate the highest common divisor of 5297170 and 860.
430
Calculate the greatest common factor of 77848 and 11309.
263
What is the greatest common factor of 1320 and 253?
11
What is the greatest common divisor of 19456 and 232448?
1024
What is the greatest common factor of 1248276 and 29?
29
What is the greatest common divisor of 93796 and 1310?
262
What is the greatest common factor of 1302 and 30114?
42
Calculate the greatest common divisor of 30622 and 183.
61
What is the highest common divisor of 2325000 and 180?
60
What is the highest common divisor of 22592 and 288?
32
Calculate the greatest common divisor of 55828 and 170.
34
What is the greatest common factor of 46 and 304934?
46
What is the highest common factor of 490 and 105035?
35
What is the greatest common divisor of 11539 and 55?
11
Calculate the highest common divisor of 8316 and 106326.
594
What is the highest common divisor of 504 and 2216?
8
What is the highest common divisor of 699688 and 88?
88
Calculate the greatest common factor of 1153 and 4772267.
1153
What is the highest common factor of 1707684 and 761?
761
What is the highest common divisor of 148352 and 122?
122
Calculate the greatest common divisor of 4530 and 1980.
30
Calculate the highest common divisor of 2378 and 2204.
58
What is the highest common factor of 2688 and 652416?
384
What is the highest common divisor of 28128 and 1920?
96
What is the greatest common divisor of 223072 and 800?
32
Calculate the highest common factor of 486030 and 102.
102
What is the highest common divisor of 43095 and 741?
39
What is the highest common divisor of 39 and 19461?
39
What is the highest common fact